 (base 12) to base 4.
-23321020
What is a03bc (base 15) in base 4?
1323303132
What is b96a3 (base 15) in base 6?
20341413
Convert 2120736 (base 8) to base 12.
23347a
Convert -715376 (base 16) to base 14.
-db4874
Convert -22232042 (base 9) to base 2.
-101001000100111011100001
What is -425440 (base 9) in base 6?
-5232443
What is -3023021331 (base 4) in base 12?
-341679
What is -22012222102111 (base 3) in base 14?
-81a3c3
-421020054 (base 6) to base 5
-3333440433
What is -72450662 (base 8) in base 12?
-518692a
25086b (base 12) to base 7
5056535
Convert -1320101133 (base 4) to base 11.
-307144
What is 3959671 (base 10) in base 11?
2264a61
What is -12111120 (base 3) in base 4?
-332223
-583 (base 11) to base 3
-221210
Convert 1010111120010 (base 3) to base 2.
10010010100100110111
Convert -b95457 (base 14) to base 6.
-342305205
-17134390 (base 10) to base 15
-1786cca
Convert -7417b7 (base 13) to base 2.
-1010010111010010011001
4133130 (base 5) to base 13
24bb3
What is -5d2034 (base 16) in base 6?
-334451020
-40c706 (base 16) to base 5
-2041322004
-278234 (base 11) to base 5
-102414031
Convert 643773 (base 9) to base 3.
201110212110
Convert -3164054 (base 10) to base 4.
-30010132112
Convert 12212112121 (base 4) to base 10.
1729945
11042413 (base 5) to base 2
10111100101100000
What is -100100111000000001 (base 2) in base 16?
-24e01
What is -34540523 (base 7) in base 8?
-13447766
Convert 21733 (base 9) to base 4.
3201300
What is bc915 (base 14) in base 5?
104113122
1417758 (base 9) to base 6
24414425
Convert -259361 (base 11) to base 4.
-1203202210
191835 (base 10) to base 16
2ed5b
100010110011101101 (base 2) to base 14
39d5b
What is 15693d (base 16) in base 15?
1cab67
-334025 (base 8) to base 6
-2225325
Convert 34214506 (base 8) to base 11.
4202857
-372221 (base 9) to base 4
-312313021
-1223110043 (base 5) to base 2
-1011001110000101011001
What is -36323 (base 9) in base 5?
-1234241
What is 282747 (base 13) in base 12?
3b1286
What is 110110111100111110110 (base 2) in base 10?
1800694
What is 1023202332231 (base 4) in base 14?
28b732d
291564 (base 14) to base 12
588930
3971e (base 16) to base 7
1666663
Convert -2134852 (base 11) to base 6.
-212245405
Convert 15a300 (base 11) to base 3.
110121002120
What is 1160a85 (base 13) in base 16?
51f583
123131e (base 16) to base 10
19075870
What is 14420351 (base 7) in base 11?
853619
What is 4312004 (base 5) in base 2?
10001110000110010
-130043405 (base 7) to base 16
-7dd3f8
What is 1421535 (base 7) in base 6?
4024553
What is 2831844 (base 9) in base 6?
53205234
Convert 6695a (base 11) to base 16.
17ada
-29a9451 (base 12) to base 16
-80b53d
3256683 (base 10) to base 9
6113286
66232 (base 8) to base 13
c868
What is 100022201220 (base 3) in base 8?
546334
What is 2000312032 (base 4) in base 5?
113342013
Convert 155031250 (base 6) to base 15.
457b3c
Convert 344352 (base 7) to base 3.
10010110210
What is -100001111111110 (base 2) in base 4?
-10033332
What is 210427 (base 12) in base 4?
1332231133
What is -200424 (base 7) in base 16?
-8424
1206a2 (base 12) to base 9
483515
Convert -1311a (base 15) to base 6.
-1150224
Convert 3334214 (base 5) to base 13.
20932
817a2 (base 11) to base 10
119418
Convert -1db43d (base 15) to base 4.
-11203113133
What is 153400331 (base 6) in base 4?
30121210333
-1102010300 (base 4) to base 2
-1010010000100110000
What is -285b4 (base 13) in base 11?
-5195a
Convert -1678329 (base 11) to base 14.
-5431d2
-8852487 (base 9) to base 16
-489c3a
What is -1547348 (base 9) in base 3?
-1121121101122
Convert -6867188 (base 9) to base 7.
-43332461
What is 1922a1 (base 14) in base 10?
889589
What is -a74a0 (base 12) in base 4?
-311233320
-11233c (base 16) to base 6
-40023404
-4248063 (base 12) to base 2
-101111110101001001001011
Convert 656551 (base 8) to base 11.
140754
What is -3577a (base 12) in base 6?
-1313034
What is 26470a (base 13) in base 12?
386825
116105302 (base 7) to base 15
996bc4
-1111551 (base 6) to base 7
-322501
316040 (base 8) to base 4
121300200
Convert 2340134 (base 5) to base 11.
2a485
-2566403 (base 7) to base 16
-5207c
Convert 7077808 (base 9) to base 13.
a20a25
302119 (base 10) to base 13
a768c
4b3c0 (base 13) to base 3
21001202220
Convert 46b45d (base 14) to base 2.
1001001101000100101011
485896 (base 13) to base 4
12211122220
Convert 20331210210 (base 4) to base 2.
1000111101100100100100
What is -2425333 (base 7) in base 4?
-1023133132
43433343 (base 5) to base 4
1123113033
175107 (base 8) to base 5
4022241
What is 1516545 (base 7) in base 9?
344136
5923832 (base 10) to base 14
b02b8c
Convert 31403423 (base 5) to base 11.
16a650
What is -26253245 (base 8) in base 11?
-3339953
-1132435201 (base 6) to base 8
-60430461
Convert 232330453 (base 6) to base 11.
2490541
What is 113220110 (base 4) in base 8?
275024
-10424300323 (base 5) to base 11
-65834a2
15102420 (base 6) to base 13
153537
What is -5979a8 (base 14) in base 9?
-5667017
Convert -152140233 (base 6) to base 9.
-5884813
What is -311451114 (base 6) in base 13?
-1172515
-1003414 (base 8) to base 9
-442055
What is e953b (base 16) in base 4?
3221110323
What is 975dbd (base 14) in base 12?
187236b
What is 2142211240 (base 5) in base 8?
21565417
What is 45051034 (base 6) in base 7?
14362156
What is c0325e (base 15) in base 13?
1b7572b
e15c80 (base 15) to base 9
22120713
-24615641 (base 8) to base 3
-101020201021111
-2022021 (base 6) to base 9
-156144
Convert 369867 (base 13) to base 15.
1ac170
Convert 1a7ab5b (base 13) to base 9.
17436321
Convert -91ba4 (base 14) to base 15.
-6de0d
Convert -2d3a1 (base 15) to base 7.
-1145341
a953a (base 11) to base 12
78051
Convert 3a14 (base 12) to base 13.
303a
348381 (base 9) to base 12
a1317
Convert d691b1 (base 14) to base 15.
982505
-896c (base 13) to base 6
-224455
What is -324456 (base 9) in base 5?
-22143220
Convert 1b47268 (base 12) to base 2.
10110001100100010110000
Convert -10013200233 (base 4) to base 6.
-35044543
11012121220 (base 3) to base 16
14391
What is 41451553 (base 6) in base 5?
302020123
Convert 24041 (base 6) to base 10.
3481
Convert -8230 (base 9) to base 14.
-22a1
What is -2250a06 (base 11) in base 14?
-747a33
Convert 13342433 (base 5) to base 12.
6750b
What is 11001001100000101 (base 2) in base 8?
311405
What is 111101012020 (base 3) in base 2?
1000000010010001110
Convert 100001000101101100000000 (base 2) to base 15.
b6514d
Convert -770051 (base 9) to base 6.
-13502244
223001004 (base 5) to base 7
11240163
-24244603 (base 7) to base 5
-1023200234
What is 13223030030 (base 4) in base 7?
23046434
28650 (base 12) to base 10
56220
What is 247446 (base 9) in base 5?
14243221
What is -2a50c7 (base 13) in base 11?
-64a969
What is 40215145 (base 6) in base 9?
2123612
Convert -8a4915 (base 16) to base 4.
-202210210111
What is -100211322210 (base 4) in base 14?
-8131c0
120211000002022 (base 3) to base 14
118ad1d
What is -543665 (base 7) in base 13?
-34325
What is 5301425 (base 8) in base 5?
330103223
Convert 100101001011000100 (base 2) to base 15.
301aa
What is 122002000022 (base 3) in base 13?
b9c81
-347327 (base 9) to base 15
-41cc7
What is 13030334400 (base 5) in base 9?
32770204
31529a (base 11) to base 8
1731740
Convert -20222004 (base 5) to base 2.
-101000000010100100
What is 1773438 (base 11) in base 3?
12122201100111
Convert 230123103 (base 4) to base 11.
114799
Convert 1011101112102 (base 3) to base 13.
1882c1
Convert -121a96 (base 12) to base 3.
-112220201120
What is -123443 (base 9) in base 8?
-221741
Convert -40beec (base 16) to base 13.
-b57476
What is 151055441 (base 6) in base 15?
41d771
110020011202211 (base 3) to base 10
6498868
Convert -19323 (base 10) to base 14.
-7083
What is -d80d06 (base 14) in base 6?
-420255402
What is 4493168 (base 10) in base 3?
22110021110122
What is 30120202 (base 5) in base 3?
110010120112
What is -11002330031 (base 4) in base 9?
-2435438
601568 (base 13) to base 3
11012100012102
What is 110000110011110 (base 2) in base 10?
24990
What is 64055c (base 13) in base 4?
20330000030
Convert -2813c (base 15) to base 7.
-1043505
24423314 (base 5) to base 6
4554303
Convert 14130131 (base 5) to base 14.
3b12a
Convert -4376b3 (base 12) to base 11.
-671421
a4836a (base 15) to base 14
107946d
What is 981635 (base 10) in base 5?
222403020
